ue
Is 2842430 a multiple of 41?
False
Does 309 divide 7991976?
True
Is 109 a factor of 3167104?
True
Is 34026 a multiple of 14?
False
Is 851357 a multiple of 559?
True
Does 5 divide 5624026?
False
Is 11363 a multiple of 11?
True
Is 12299116 a multiple of 11?
False
Is 3971692 a multiple of 341?
False
Is 9 a factor of 194357?
False
Is 124 a factor of 187712?
False
Is 1718010 a multiple of 148?
False
Is 561 a factor of 232759?
False
Is 3358 a multiple of 73?
True
Is 298 a factor of 417116?
False
Is 8958960 a multiple of 36?
True
Does 2598 divide 21441294?
True
Is 58450 a multiple of 4?
False
Does 90 divide 5047920?
True
Does 8 divide 188122?
False
Is 9 a factor of 209897?
False
Is 4202490 a multiple of 71?
True
Is 285 a factor of 4571970?
True
Is 33 a factor of 152235?
False
Is 44 a factor of 559988?
True
Is 791 a factor of 261030?
True
Is 5811 a multiple of 352?
False
Does 69 divide 42727?
False
Is 22 a factor of 128480?
True
Does 116 divide 1781725?
False
Is 4 a factor of 116036?
True
Is 901582 a multiple of 605?
False
Is 2745 a multiple of 9?
True
Is 58 a factor of 1826852?
False
Is 1075 a factor of 9961158?
False
Does 302 divide 184522?
True
Does 30 divide 102150?
True
Does 4 divide 4514898?
False
Is 166 a factor of 169320?
True
Is 1060595 a multiple of 86?
False
Is 132041 a multiple of 7?
True
Is 475266 a multiple of 17?
False
Is 29 a factor of 561614?
True
Is 46 a factor of 289630?
False
Does 279 divide 2500398?
True
Is 16 a factor of 120848?
True
Does 40 divide 1508760?
True
Is 311 a factor of 2144967?
True
Is 5015276 a multiple of 37?
True
Is 409 a factor of 3867913?
True
Is 23 a factor of 1962935?
True
Is 277 a factor of 1017728?
False
Is 2561241 a multiple of 681?
True
Does 59 divide 2897939?
False
Is 74195 a multiple of 66?
False
Is 23 a factor of 139490?
False
Does 195 divide 5784202?
False
Is 97032 a multiple of 6?
True
Is 409 a factor of 80552?
False
Is 137 a factor of 95947?
False
Does 1868 divide 4102128?
True
Is 348 a factor of 2075672?
False
Is 79520 a multiple of 130?
False
Is 575 a factor of 1415509?
False
Does 9 divide 8839?
False
Does 34 divide 7597633?
False
Is 50 a factor of 3239273?
False
Is 341850 a multiple of 106?
True
Does 31 divide 222146?
True
Is 135 a factor of 139750?
False
Is 94 a factor of 18037?
False
Is 107100 a multiple of 357?
True
Is 298246 a multiple of 64?
False
Does 8 divide 8126040?
True
Is 20 a factor of 410321?
False
Is 333 a factor of 1503828?
True
Is 10 a factor of 6328?
False
Is 673 a factor of 5687523?
True
Does 367 divide 353939?
False
Does 761 divide 4566?
True
Is 344 a factor of 2112158?
False
Is 31 a factor of 48703?
False
Is 1897489 a multiple of 51?
False
Does 5 divide 2323160?
True
Is 382229 a multiple of 12?
False
Is 45088 a multiple of 30?
False
Does 51 divide 656692?
False
Is 20 a factor of 636429?
False
Is 84 a factor of 63566?
False
Is 1098887 a multiple of 221?
False
Does 6 divide 7906800?
True
Is 1357349 a multiple of 9?
False
Does 37 divide 12032474?
True
Is 60 a factor of 904556?
False
Is 1861450 a multiple of 21?
False
Does 3 divide 21361?
False
Is 423390 a multiple of 66?
True
Does 10 divide 1190350?
True
Does 66 divide 712235?
False
Is 24 a factor of 209880?
True
Does 24 divide 355392?
True
Does 61 divide 21065862?
True
Is 587522 a multiple of 45?
False
Is 161 a factor of 1731844?
False
Does 97 divide 237027?
False
Is 229824 a multiple of 14?
True
Is 3410364 a multiple of 42?
False
Does 119 divide 5498?
False
Is 736061 a multiple of 829?
False
Does 24 divide 119922?
False
Does 37 divide 1211125?
False
Is 222946 a multiple of 17?
False
Is 195 a factor of 206505?
True
Is 82824 a multiple of 29?
True
Is 7 a factor of 218610?
True
Is 92014 a multiple of 157?
False
Does 12 divide 120832?
False
Does 179 divide 277450?
True
Is 75375 a multiple of 67?
True
Does 461 divide 4055417?
True
Is 71835 a multiple of 50?
False
Is 4 a factor of 293796?
True
Is 228196 a multiple of 2?
True
Is 95 a factor of 84856?
False
Is 5341112 a multiple of 8?
True
Is 3999 a multiple of 8?
False
Is 43 a factor of 387868?
False
Is 14 a factor of 122336?
False
Does 12 divide 351768?
True
Does 6 divide 556542?
True
Does 58 divide 300324?
True
Is 70 a factor of 147970?
False
Is 154220 a multiple of 28?
False
Is 1309525 a multiple of 245?
True
Does 26 divide 2147834?
True
Does 42 divide 748314?
True
Does 607 divide 2407837?
False
Does 9 divide 7002925?
False
Is 290946 a multiple of 3?
True
Is 606020 a multiple of 314?
True
Is 133661 a multiple of 11?
True
Is 61540 a multiple of 68?
True
Is 427985 a multiple of 240?
False
Does 48 divide 17691696?
True
Does 7 divide 335888?
True
Does 95 divide 3071730?
True
Does 30 divide 160903?
False
Does 2732 divide 10176700?
True
Does 34 divide 2233256?
True
Is 1824828 a multiple of 82?
True
Does 7 divide 1313011?
True
Is 15 a factor of 489780?
True
Does 68 divide 1576723?
False
Is 38 a factor of 94202?
True
Is 7437750 a multiple of 470?
True
Does 27 divide 90210?
False
Is 78 a factor of 1826604?
True
Is 8 a factor of 145917?
False
Is 4439470 a multiple of 35?
True
Is 1006894 a multiple of 413?
True
Is 2253241 a multiple of 23?
True
Is 989769 a multiple of 74?
False
Does 4 divide 5205354?
False
Is 5101360 a multiple of 484?
True
Does 30 divide 18686?
False
Does 253 divide 223951?
False
Is 11 a factor of 7346?
False
Is 3 a factor of 11184?
True
Is 2696008 a multiple of 27?
False
Is 29 a factor of 571308?
False
Does 130 divide 1621208?
False
Is 76 a factor of 29759?
False
Is 11982552 a multiple of 172?
True
Does 495 divide 11104462?
False
Is 574795 a multiple of 77?
False
Does 26 divide 1412632?
True
Is 697 a factor of 708930?
False
Does 222 divide 57276?
True
Is 321 a factor of 29211?
True
Is 49 a factor of 724459?
False
Is 297 a factor of 478764?
True
Is 688 a factor of 2059077?
False
Does 1073 divide 2370125?
False
Does 8 divide 629461?
False
Is 9 a factor of 798075?
True
Does 26 divide 2865546?
False
Does 9 divide 721128?
False
Is 2424912 a multiple of 21?
True
Is 965856 a multiple of 8?
True
Does 10 divide 1317813?
False
Is 105942 a multiple of 10?
False
Does 2 divide 681132?
True
Does 1677 divide 9985204?
False
Is 37 a factor of 225810?
False
Is 52 a factor of 1558628?
False
Does 152 divide 3804644?
False
Is 130728 a multiple of 156?
True
Does 21 divide 101616?
False
Does 24 divide 4877924?
False
Is 10 a factor of 135965?
False
Is 79 a factor of 569511?
True
Is 591460 a multiple of 5?
True
Is 11919 a multiple of 20?
False
Is 381400 a multiple of 8?
True
Is 1380496 a multiple of 8?
True
Is 1613292 a multiple of 829?
False
Is 22 a factor of 880913?
False
Does 115 divide 580919?
False
Is 78 a factor of 3378258?
True
Is 170962 a multiple of 22?
True
Is 3220452 a multiple of 9?
True
Is 36 a factor of 307584?
True
Is 164 a factor of 458404?
False
Is 18295678 a multiple of 2929?
False
Is 507426 a multiple of 69?
True
Is 1603255 a multiple of 484?
False
Does 3 divide 25123?
False
Is 43 a factor of 447157?
True
Does 211 divide 131246?
False
Is 5509105 a multiple of 799?
True
Is 1619652 a multiple of 12?
True
Is 1866976 a multiple of 8?
True
Is 593908 a multiple of 28?
True
Does 230 divide 1658622?
False
Is 19 a factor of 446814?
False
Does 37 divide 31319?
False
Does 184 divide 62192?
True
Is 11 a factor of 8986193?
False
Is 55 a factor of 147400?
True
Does 27 divide 3486470?
False
Is 11 a factor of 5854002?
True
Does 9 divide 88088?
False
Is 192 a factor of 389568?
True
Is 1171 a factor of 2615265?
False
Is 9282 a multiple of 42?
True
Is 930396 a multiple of 209?
False
Is 129 a factor of 2875926?
True
Is 66 a factor of 888381?
False
Does 50 divide 70900?
True
Is 13 a factor of 56247?
False
Is 252 a factor of 238140?
True
Is 2936066 a multiple of 2?
True
Is 22 a factor of 419303?
False
Is 4137518 a multiple of 154?
True
Is 535 a factor of 7602885?
True
Is 464195 a multiple of 4?
False
Is 11290541 a multiple of 661?
True
Does 473 divide 5308952?
True
Is 22 a factor of 52700?
False
Does 7 divide 1478812?
False
Is 170 a factor of 990590?
True
Is 910 a factor of 5531034?
False
Is 12 a factor of 3807734?
False
Is 264 a factor of 1856552?
False
Does 17 divide 5137?
False
Does 101 divide 518094?
False
Is 69 a factor of 69828?
True
Is 219 a factor of 1751781?
True
Does 29 divide 7353242?